 factors of u(-7).
2, 5
Suppose 24*m - 22*m = 12. Suppose 2*z + 240 = m*z. List the prime factors of z.
2, 3, 5
Suppose 0*m - 2*m = p + 249, 2*p - 10 = 0. Let q = m + 220. List the prime factors of q.
3, 31
Let v be 2 - (4 + (-1192)/4) - -4. List the prime factors of (19/(-2))/((-10)/v).
3, 5, 19
Suppose -n + 1 = b - 4, 0 = -2*b + 4*n + 40. Let a(i) = i - 5. List the prime factors of a(b).
5
Let m = 89 - -787. List the prime factors of m.
2, 3, 73
Suppose -3*g + l = -0*l - 1844, 1226 = 2*g + l. What are the prime factors of g?
2, 307
Let u(z) = 3*z**2 - 7. Let q(l) = 2*l**2 - 5. Let k(f) = -7*q(f) + 5*u(f). Let a be k(-3). List the prime factors of (3 - a/3) + 5.
5
Suppose 14*q - 9 = 11*q. Suppose 0*f + q*f = 84. What are the prime factors of f?
2, 7
Let z(q) = -q. Let j be z(-2). Let u be 408/40 - 6/5. Suppose 63 + u = j*o. List the prime factors of o.
2, 3
Let w = -587 + 595. Let s = -26 - -36. Suppose 2*v + w = 3*f - 11, 5*v = -s. What are the prime factors of f?
5
Let d be ((-2)/(-4))/((-1)/(-68)). List the prime factors of d/3*12 - 3.
7, 19
Suppose 0 = 11*t - t - 3540. Let d = 572 - t. List the prime factors of d.
2, 109
Suppose -509 = -3*k + 5*u + 12, 513 = 3*k + 3*u. Suppose -k = -5*a + a. What are the prime factors of a?
43
Let u(f) = -36*f - 2. Suppose -10 + 6 = 2*m. What are the prime factors of u(m)?
2, 5, 7
Let d(b) = -15*b - 1 + 5 - 4. Let a be d(2). Let k = -11 - a. What are the prime factors of k?
19
Let x(s) = -3*s - 16. Let o(a) = -2*a**2 - 4*a - 3. Let u be o(-3). Let v be x(u). Let y(m) = -m**2 + 14*m - 1. What are the prime factors of y(v)?
2
Let f(c) = c + 5. Let q be f(-2). Suppose 0 = 2*x + q*a - 24 - 77, -3*x + 123 = -5*a. Suppose -11 = -3*d + x. What are the prime factors of d?
19
Let d be (-17 - -13)*(-2)/(-8). Let p = 62 - d. List the prime factors of p.
3, 7
List the prime factors of 170/(-2)*(4 + 14 + -23).
5, 17
Let p(z) = z**3 + 3*z**2 - z + 12. Let a be p(-4). What are the prime factors of (10 + a)/((-8)/10 - -1)?
2, 5
Let z be (6/(-9))/((-1)/(1110/2)). Let g = z + -230. List the prime factors of g.
2, 5, 7
Let p be -1 + 1 - (19 + -92). Suppose -3*o - b = -p - 0, -3*b - 31 = -o. List the prime factors of o.
5
Let k = 2959 + -1292. List the prime factors of k.
1667
Suppose -8*t = -54 - 74. Let i = t - -29. List the prime factors of i.
3, 5
Let z be -4*(-4)/8 - -1. What are the prime factors of (67/2)/(z/6)?
67
What are the prime factors of (-58)/(6/20*(-125)/300)?
2, 29
Let y be 177 + 1 + (-2 - (-3)/(-3)). Suppose 4*h - y = -a, -2*h + 100 = -0*a - 2*a. What are the prime factors of h?
3, 5
Let z(g) = 3*g - 16. Let y be z(8). Suppose -2 = -2*b - y. Let f = b - -12. What are the prime factors of f?
3
Let x = -59 + 43. What are the prime factors of (6 - x) + (1 - -2)?
5
Let r(m) = -3*m**3 - 15*m**2 + 42*m + 4. List the prime factors of r(-10).
2, 271
Let d(u) = u**2 - 11*u - 21. Let c be d(-6). Suppose -c*w = -78*w - 507. List the prime factors of w.
13
Let t be 4 - (-1 - 24/3). Let a = t - 10. Suppose 3*h = -n + 20, 5 = a*n - 5*h + 15. List the prime factors of n.
5
Suppose 3*x + 212 = r, -2*x + 2*r = -0*x + 140. Let d be 1/(-5 - 1698/(-339)). Let j = d + x. What are the prime factors of j?
2, 3, 7
Suppose -5*w - 2*l = l, 0 = -l. Let x be w/(-8)*2/(-4). Suppose 2*m - 23 - 41 = x. List the prime factors of m.
2
Let w = 932 - -818. List the prime factors of w.
2, 5, 7
Let y(w) = -w - 5. Let v be y(-8). Suppose 3*f = -r - 25, v*f - r - 4*r = -1. Let x = 12 + f. List the prime factors of x.
5
Let b(r) = -94*r - 9. Let j be b(-2). Let z = 260 - j. What are the prime factors of z?
3
What are the prime factors of 4/(120/6) + (-40376)/(-20)?
3, 673
Let g(b) = 15 + 6*b - b**2 + 13*b + b - 3. What are the prime factors of g(11)?
3, 37
Let m be ((-9)/(-2))/(16/32). Let z be (-5 + m)/(-2 + 4). Suppose 4*q + z*x = -0*x + 136, -56 = -2*q + 2*x. What are the prime factors of q?
2
Suppose 2*i - 4 = 3*f, 0 = -4*f + 2*i - 0*i - 6. What are the prime factors of 71 - (7 + -10)/(f/2)?
2, 17
Let s(p) = 1. Let i(c) = c + 5. Let k(w) = -i(w) + 2*s(w). List the prime factors of k(-10).
7
What are the prime factors of 18/(-3) + ((-3)/(-3) - -2522)?
3, 839
What are the prime factors of ((-2)/(-6) - 32/(-48)) + 10?
11
Let a = 5 - -7. Suppose 232 - a = 5*i + 2*y, -20 = -4*y. What are the prime factors of i?
2, 3, 7
Let h(o) = 69*o**2 - 2*o - 1. Let z be -2 + -6*(-1)/2. List the prime factors of h(z).
2, 3, 11
Let n(o) = -6*o**3 - 2*o**2 - o. Let g be n(-1). Suppose -38 + 423 = 5*f. Suppose g = -3*q + f. List the prime factors of q.
2, 3
Suppose 7*x - 1539 = -2*x. Suppose 3 = 3*w - 12. Suppose -10 = -c - 5*j + 38, 2*c - x = w*j. What are the prime factors of c?
73
Let t(j) = -j**3 + 49*j**2 - 65*j + 21. List the prime factors of t(46).
31, 109
Let c(w) = 355*w**2 - 4*w - 5. What are the prime factors of c(-2)?
1423
Let x = -9 - -6. What are the prime factors of (26 - -11) + (-2 - x)?
2, 19
Let a(j) = -1166*j**3 - 7*j**2 - 8*j - 1. What are the prime factors of a(-1)?
2, 11, 53
Let u = -124 + 585. List the prime factors of u.
461
Suppose 0 = -i + 3*i. Suppose 3*s + 9 + 3 = i. What are the prime factors of (6/s)/((-5)/70)?
3, 7
What are the prime factors of (-502)/(-2*(-5)/(-20)*4)?
251
List the prime factors of 1644/(-16)*(-20)/3.
5, 137
Let i(j) = 2*j**2 - 3*j + 2. Let o be i(2). Suppose -q - 2*d = -0*q + 9, 5*q + 21 = -o*d. Let c(k) = -13*k + 1. What are the prime factors of c(q)?
2, 7
Suppose 0 = 4*u + y - 39, -u + 9 = -y + 3. Let z = u + -5. Suppose 4*a = 4*s - s + 34, -42 = -z*a - s. What are the prime factors of a?
2, 5
Let v(x) = 249*x**2 + 87*x + 4. What are the prime factors of v(2)?
2, 587
Let n(u) = 59*u + 378. What are the prime factors of n(28)?
2, 5, 7, 29
Let q = 2817 - -301. List the prime factors of q.
2, 1559
Let w be (-14)/(36/(-8) - -4). Suppose -33*x = -w*x. Suppose x = -3*f + f + 80. List the prime factors of f.
2, 5
Let b(g) = -g**3 + 4*g**2 - g + 6. Let v be b(5). Let n = v + 68. What are the prime factors of (11/n)/((-2)/(-152))?
19
Let m be (2/3)/((-1)/(-24)). Suppose 91*f + 15 = 96*f. Let b = m - f. List the prime factors of b.
13
Let x(o) = -o**2 + 7*o - 6. Let c be x(4). Suppose 8*g - c*g + 214 = 0. Let s = -65 - g. List the prime factors of s.
2, 3, 7
Let d = 186 + -341. What are the prime factors of (-20)/90 + d/(-9)?
17
Let h(b) = 2*b**2 + 3. Let c(k) = 1 - 1 + k - 14. Let v be c(11). List the prime factors of h(v).
3, 7
Let a(u) = -u**3 - 7*u**2 - 12*u - 17. What are the prime factors of a(-11)?
599
Suppose 0 = z - 3 + 1. Let i(j) = -5*j**3 - 2*j**3 + 2 - 3*j + 5*j**3 - 5*j**z. What are the prime factors of i(-3)?
2, 5
Let p be (-1)/6*-3*-2. List the prime factors of (-4 - p - 55)/(-1).
2, 29
Suppose -2*l = 6*l. Suppose 0 = x - 3*w + 2*w - 65, l = 3*x - 5*w - 191. What are the prime factors of x?
67
Let n = 21 + -10. Suppose 0 = v + n - 7. List the prime factors of (10/v - -2)*-4.
2
Suppose 25*n - 35*n = -31700. List the prime factors of n.
2, 5, 317
Suppose -2*h - 2*o + 736 = 0, o - 5*o = -h + 353. What are the prime factors of h?
5, 73
Let k be (-75)/15 - (-1 + -12). Let f = -102 - -158. List the prime factors of (34/k)/(7/f).
2, 17
Let c(f) = -f**2 - 5*f - 4. Let m be c(6). Let i = m - -145. Suppose 3*v + 15 - i = 0. List the prime factors of v.
2, 5
Let f = 15 - 2. Let n = f + 28. Let d = n + -16. What are the prime factors of d?
5
Let u(s) = -s**2 + 17*s + 992. What are the prime factors of u(0)?
2, 31
Let g(k) = k**2 + 4*k - 9. Let r be g(2). What are the prime factors of (3 - (3 + r)) + 50?
47
Let k = -11 - -4. Let l(b) = b**3 + 8*b**2 + 6*b - 5. Let h be l(k). List the prime factors of (3/2)/(h/44).
3, 11
What are the prime factors of (-3)/(181/488 + 21/(-56))?
2, 3, 61
Let z(r) = 2*r + 17. Let j be z(-7). Suppose 0 = j*b - 4 + 13, -683 = -4*i + 5*b. What are the prime factors of i?
167
Let n(t) be the third derivative of 1/12*t**5 + 0 - 2/3*t**3 - 1/120*t**6 + 6*t**2 + 1/12*t**4 + 0*t. List the prime factors of n(5).
2, 3
Let f = 177 + -175. Let n be 1167/27 - (-4)/(-18). Suppose -f*v = -n - 31. What are the prime factors of v?
37
Suppose 1 = -2*j + 11. Suppose 24 = j*b - 56. What are the prime factors of (39/(-13))/((-1)/b)?
2, 3
Let t(w) = -29*w**2 - 2*w - 3. Let d be t(-2). Let z = -56 - d. Let r